h(c) = c - 1. Let a(f) = -4*h(f) - p(f). What is a(-4)?
10
Let i(p) = -p**3 - 6*p**2 + p + 2. Let n(j) = 1. Let h(c) = i(c) + 5*n(c). Let y be h(-6). Let f(w) = w**3 - 3*w**2 + 1. Give f(y).
-1
Let k = -10/7 - -58/21. Let p(t) be the third derivative of -2*t**2 + 0 - 1/24*t**4 + 0*t + k*t**3. Give p(0).
8
Let x(m) = -2*m - 1. Let r be x(-2). Suppose 0 = -y + r*y + 12. Let k(d) = -d**2 - 6*d - 5. Calculate k(y).
-5
Let t(x) = -17 - 8 - x**3 - 10*x**2 + 10*x + 17. Let p be t(-11). Let m(o) = -o**3 + o**2 + 3*o + 1. Calculate m(p).
-8
Let h(m) = 2*m**2 + 5*m. Let o(y) = y**2 + 1. Let i = -22 - -23. Let w(d) = i*h(d) - 3*o(d). Determine w(2).
3
Let k(w) be the first derivative of w**5/20 + w**4/12 - 2*w**2 - 2*w + 1. Let r(i) be the first derivative of k(i). Give r(0).
-4
Suppose -6*v - 8 = -2*v. Let w(s) = 11*s**3 + 14*s**2 + 9*s + 20. Let f(p) = -4*p**3 - 5*p**2 - 3*p - 7. Let a(c) = -17*f(c) - 6*w(c). What is a(v)?
-7
Let m(g) be the third derivative of g**6/120 + g**5/15 - g**3/3 + 12*g**2. Calculate m(-4).
-2
Let t(x) be the first derivative of x**2/2 + 12*x - 16. Calculate t(-6).
6
Let i(g) = -2*g**2 + 3*g**2 - 3*g**3 - 1 + 0. What is i(1)?
-3
Let l = 0 - -2. Let a(v) = 0*v**2 + 2*v - l - 1 - v**2. Suppose q - 9 = -2*j, 0 = -j + 3*q - 6*q + 12. What is a(j)?
-6
Let w(h) = h + 3. Suppose 7*v = 3*v - 32. Let m = v + 3. Give w(m).
-2
Let i be (-8)/(-3) + 20/(-30). Let c(k) = -k**3 - k**2 - 2. Calculate c(i).
-14
Let u(j) = 3*j**2 - 5*j - 7. Let b(f) = f**2 - 3*f - 3. Suppose 9 = 5*i - 1. Let n(m) = i*u(m) - 5*b(m). What is n(-6)?
7
Let n(o) = o**2 - 7*o + 6. Let g be n(5). Let h(f) = -4*f + 0*f + 3 - f**2 - 7 + 2. Give h(g).
-2
Suppose 11*p - 9*p + 6 = 0. Let y(j) = -j**3 - 2*j**2 + 3*j. Give y(p).
0
Let b(v) = -27 - 4*v + 5*v + 20. Determine b(6).
-1
Suppose 2*u = v - 2 + 1, 0 = -u + 1. Let r(q) = 0 - q**v - q**2 - 3 - q + 3 + 2. Determine r(0).
2
Suppose -v - 4 = -0. Let n(w) = -w**3 - 4*w**2 + 3*w - 3. Determine n(v).
-15
Let k = -31 + 33. Let u(d) = 2*d**2 - 2. What is u(k)?
6
Let z(d) = -d**3 + 2*d + 1. Let w be z(-1). Let y(m) = w - 6 - 1 + 2*m - m. Determine y(4).
-3
Let y(q) = 5*q**2 + 2*q - 6. Suppose 4*s + 12 = 7*s. Let a(o) = 11*o**2 + 4*o - 13. Let w(u) = s*a(u) - 9*y(u). Determine w(-3).
-1
Suppose 2*u - 2*n = 0, 0 = -5*u - 0*n + 4*n. Suppose -3*b - 88 = -5*l, u*l - l + 4*b + 4 = 0. Let r be l/6*(-12)/(-8). Let g(w) = w**2 - 4*w - 7. Give g(r).
-2
Let c be -21*(-6)/9 - 2. Suppose -i = -4*i + c. Let s(p) = -p**2 + 2*p - 1. What is s(i)?
-9
Let b(i) be the second derivative of -i**4/6 + i**3/6 - i**2/2 - 6*i. Give b(2).
-7
Suppose 0 = j - 3*p - 17, 5*j - 2*p = -0*p + 20. Let d(u) = 2*u**3 - 2*u**2 - 3*u + 2. Give d(j).
4
Let v(j) be the second derivative of -j**3/2 - j. Suppose 0*g + 2*k = 3*g + 12, g + 4*k - 10 = 0. What is v(g)?
6
Let s(f) = -2*f - 8 - 5 + 11. Let r be (2/3)/(2/6). What is s(r)?
-6
Let a(i) = i**2 + 2*i + 3. Let s(p) = p - 11. Let r be s(9). Give a(r).
3
Let l(u) = -u**3 + 2*u - 1. Suppose 2*y = 4*d - 4 - 0, 0 = 2*d + 2*y - 8. Let n be d - (4 - 1) - -2. Let q be l(n). Let s(a) = -a + 3. Determine s(q).
3
Let b(g) be the first derivative of -g**3/3 - g**2 + 1. Suppose -8 = -24*w + 20*w. Calculate b(w).
-8
Let s(b) be the second derivative of -5/12*b**4 + 0 - 1/20*b**5 - 1/2*b**3 + 4*b + 5/2*b**2. What is s(-4)?
1
Let v(i) = -i. Suppose 0*n = n - 3. Suppose -n*l - 10 = -5*l. Determine v(l).
-5
Let d(k) be the third derivative of k**6/120 - k**5/60 - k**4/24 + k**3/3 - 18*k**2. Calculate d(0).
2
Suppose p + 0 = 3. Suppose 0 = -3*q - 0 + p. Let f(c) = -6*c**2 - 5*c - 2. Let u(z) = 7*z**2 + 6*z + 3. Let y(h) = -4*f(h) - 3*u(h). Give y(q).
4
Let c(t) be the third derivative of -t**6/120 - t**4/24 + 5*t**3/6 - 2*t**2. Suppose 2*u + u - 6 = 0. Suppose u*w = -w. What is c(w)?
5
Let t(h) be the first derivative of 0*h - 11 - 5/2*h**2. Give t(1).
-5
Let p(r) = -60*r - 70*r + r**3 + 8*r**2 + 3 + 138*r. Calculate p(-6).
27
Let d(f) = 5*f**3 + 17*f**2 + 4*f - 13. Let q(h) = -h**3 - 4*h**2 - h + 3. Let v be (-2)/6 - 15/9. Let s(o) = v*d(o) - 9*q(o). Determine s(3).
-7
Let j(v) = -3*v**2. Let o = 0 - -4. Suppose 0 = -i - o*x - 17, -i = 2*x - 6*x - 15. What is j(i)?
-3
Let a be (3*7)/(-7 - -8). Let r = a + -18. Let l(o) = o - 1. What is l(r)?
2
Let u(x) = -x**3 - 2*x**2 - 6*x - 3. Let t(y) = y**3 + y - 1. Let c(h) = 2*t(h) + u(h). Suppose -2*i + 2 + 6 = 0. Determine c(i).
11
Let p(i) = i**2 - 3*i - 2. Suppose 0 = -3*r + 5*r - 10. Give p(r).
8
Suppose -b + 6 = 1. Let g(a) = a**2 - 5*a + 4. Calculate g(b).
4
Let j = 30 + -36. Let v(l) = -2*l**3 - 17*l**2 + 9*l + 13. Let c(d) = 3*d**3 + 26*d**2 - 14*d - 19. Let s(n) = -5*c(n) - 8*v(n). Give s(j).
3
Suppose 20 = -3*n - n. Let c(m) = -m - 1. What is c(n)?
4
Let r(x) = 8*x - 6. Let u(w) = 13*w - 14. Let o(f) = 20*f - 21. Let k(b) = -5*o(b) + 7*u(b). Let h(s) = 6*k(s) + 7*r(s). Give h(-3).
-6
Let j(n) = n**2 - 5*n. Suppose 0 = a - 2, 1 = -l + 5*a - 3. Suppose -2*s + 3*r - l - 1 = 0, 5*r = -2*s + 33. Give j(s).
-4
Suppose 9*t = 4*t + 10. Let i(g) = -5*g - 11*g**2 - 3 + g - g**3 + 3*g**t + 2*g. Let m(r) = -r**3 - 7*r**2 - 2*r - 3. Let c(v) = -6*i(v) + 7*m(v). Give c(-2).
5
Let w(z) = -z**2 + 7*z - 1. Let j be w(5). Let d(i) = -3*i**2 + i + 8. Let m(k) = 13*k**2 - 3*k - 33. Let f(a) = j*d(a) + 2*m(a). Determine f(5).
-4
Let b(f) = f - 3. Let i(p) = 3*p - 6. Let z(x) = 5*b(x) - 2*i(x). Calculate z(3).
-6
Let m(j) = -j**3 + j**2 + j + 2. Let x be (-120)/75 - 4/10. Calculate m(x).
12
Let a(s) be the first derivative of 1/3*s**3 + 1 + s - 3*s**2. Let t(q) = q**2 + 2*q + 6. Let h be t(0). Give a(h).
1
Let b be 2*-3*(-1)/3. Suppose m + 0 - b = 0. Let a(o) be the second derivative of o**5/20 - o**4/12 - o**3/2 + o**2/2 + 2*o. Calculate a(m).
-1
Suppose -3*p - 1 - 23 = 0. Let u(q) = -2*q - 4. What is u(p)?
12
Let j(r) = r**3 - 5*r**2 + r - 2. Let u be j(5). Let s(k) = -2*k - 3 + 7 + 3*k. Give s(u).
7
Let w(k) be the first derivative of k**3/3 + 2*k**2 - 5*k - 1. Let d = -31 - -27. Give w(d).
-5
Suppose -20 = -2*z + 3*f, -2*z + 2*f + 28 = 3*z. Suppose -2*y = -z - 0. Let s(l) = -2 + 2*l**2 - 3*l**2 + l**3 - 3*l - l**y. What is s(3)?
-2
Let x = 6 + -4. Suppose 5*g - 10 = -3*i - x*i, -2*g + i = 8. Let u(q) be the third derivative of q**5/60 + q**4/8 + q**3/6 + 15*q**2. What is u(g)?
-1
Suppose 3 + 3 = -3*s, -5*s - 34 = -4*x. Let y(v) = -v**2 + 3. Let w be y(0). Let c(q) = q**2 - w*q - 4*q + q. Determine c(x).
0
Let s(y) = -5*y + 12. Let c(w) = -12*w + 25. Let v(z) = 2*c(z) - 5*s(z). Give v(0).
-10
Suppose 20 = 5*b - 0. Let a be 12/8*b/3. Let w(m) = 15 - 19 - 6*m + a*m. What is w(-3)?
8
Suppose -w = 3*a - 6*w, -3*a = 2*w. Suppose 2*j + 3*j - 20 = a. Suppose -j*d + 38 = -0*g + 3*g, -4 = g - 2*d. Let m(z) = z**2 - 6*z - 3. Give m(g).
-3
Let o(n) = 1 + n**3 + 4*n + 1 + 1 - 1 + 5*n**2. Calculate o(-2).
6
Let w(d) be the second derivative of 7*d**3/6 + 3*d - 9. Determine w(1).
7
Let p = -243 - -242. Let h(v) be the third derivative of v**6/24 + v**5/60 + v**4/24 + v**3/6 + v**2. Give h(p).
-4
Let r be (1 + -10)/((-3)/(-2)). Let j(i) = i + 4. Give j(r).
-2
Let c(b) = -3*b + 0*b**2 - 77 - b**2 + 80. Calculate c(-3).
3
Let l be -4*(0 + 0 + 1). Let f(d) = -d**3 - 6*d**2 - d - 6. Let i(v) = -v**2 + v. Let q(o) = -f(o) + 2*i(o). Give q(l).
-6
Let c(a) = 3*a - 2. Suppose 5*k = 4*g - 19, -2*g - 2*k = -4*k - 10. Determine c(g).
16
Let v(j) = -2*j - 6. Let a(h) = 2. Let k(t) = 6*a(t) + 2*v(t). Suppose 7*o - 21 = -5*u + 3*o, 2*u - 2*o = -6. Determine k(u).
-4
Suppose 0 = 4*m - 16, 4*m = -2*s + 6 - 4. Let d be 4 + s/(1 + 0). Let h(g) = 3*g + 2. What is h(d)?
-7
Let a(w) be the second derivative of w**5/20 + w**4/12 - w**3/2 + 3*w**2/2 + 2*w. Let j = 15 - 11. Let y = 1 - j. What is a(y)?
-6
Let d(g) = 4*g**2 + g - 3. Let a(x) = -21*x**2 + x - 5*x - 2*x + 16. Let i(o) = 2*a(o) + 11*d(o). Calculate i(2).
5
Let f(o) = o**3 + 6*o**2 + 2*o + 4. Let u be (-4 - 2)/(-1 + 4 + -2). Calculate f(u).
-8
Let n(u) = -u**2 - 6*u - 3. Let t be (-8 - -7) + (1 - 4). Determine n(t).
5
Let b(w) be the second derivative of 1/360*w**6 + w + 0*w**2 + 0 + 1/24*w**4 + 1/3*w**3 - 1/30*w**5. Let g(l) be the second derivative of b(l). Calculate g(3).
-2
Suppose -2*d + 16 = -3*y + 3*d, 0 = -y - 2*d + 13. Let g(q) = 3*q - 2. Determine g(y).
7
Let 